t is f(56)?
142
Let d(a) = -a**3 + 10*a**2 + 23*a + 4. What is d(12)?
-8
Let o(n) = -4*n**3 + 49*n**2 - 85*n - 67. Calculate o(10).
-17
Let k(m) = 115*m**2 - 3*m + 24. What is k(0)?
24
Let o(a) = -14*a - 237. Calculate o(-22).
71
Let h(s) = -2*s**2 - 13*s - 48. What is h(0)?
-48
Let u(r) = 3*r**2 + 57*r - 47. Determine u(-19).
-47
Let s(y) = -y**3 - 58*y**2 - 50*y + 401. Determine s(-57).
2
Let g(r) = 5*r**3 + 39*r**2 - 3*r - 33. Calculate g(-7).
184
Let b(y) = -y**2 - 16*y - 19. Calculate b(8).
-211
Let o(y) = -y**3 - 8*y**2 + 166*y - 32. Calculate o(9).
85
Let o(h) = -h**3 - 12*h**2 + 3*h. Give o(-11).
-154
Let u(q) = 56*q + 3815. What is u(-68)?
7
Let u(y) = -y**3 + 49*y**2 + 319*y - 76. Give u(-6).
-10
Let r(v) = -v**2 - 26*v + 307. Determine r(9).
-8
Let y(g) = 2*g**2 + 89*g + 484. Determine y(-38).
-10
Let a(v) = 404*v + 3629. Determine a(-9).
-7
Let t(j) = -j**3 - 80*j**2 - 161*j - 392. Determine t(-78).
-2
Let i(m) = 4*m**2 + 4*m + 23. Determine i(-13).
647
Let p(k) = k**3 + 51*k**2 - 47*k + 94. Give p(-52).
-166
Let c(z) = -z**3 + 4*z**2 + 19*z - 28. Calculate c(8).
-132
Let h(p) = p**2 + 43*p + 666. Give h(-10).
336
Let h(p) = 1133*p**2 - p. Give h(-1).
1134
Let i(d) = -d**3 + 48*d**2 + 4*d - 12. What is i(48)?
180
Let c(o) = 21606*o - 388906. Give c(18).
2
Let m(x) = 848*x + 277. Give m(-1).
-571
Let k(y) = -14*y**2 - 1316*y + 7. Give k(-94).
7
Let q(p) = -p**3 + 13*p**2 - 30*p + 12. Determine q(7).
96
Let c(y) = -y**3 - 10*y**2 + 4*y - 730. What is c(-14)?
-2
Let v(k) = -29*k - 398. Give v(-14).
8
Let k(w) = -w**3 + w**2 + 1336*w + 3. Determine k(0).
3
Let m(r) = 494*r - 1991. Determine m(4).
-15
Let v(x) = x**3 - 10*x**2 - 57*x. Calculate v(-4).
4
Let i(o) = 3*o**3 - 356*o**2 - 122*o + 312. Calculate i(119).
-45
Let k(f) = f + 54. Calculate k(0).
54
Let m(w) = 1039*w + 115. Give m(-1).
-924
Let h(r) = -r**3 + 14*r**2 - 7*r + 389. Calculate h(15).
59
Let d(t) = -42*t + 133. What is d(4)?
-35
Let a(k) = 74*k - 1187. Determine a(16).
-3
Let n(a) = -39*a**2 + 24*a + 26. Calculate n(-1).
-37
Let z(s) = -25*s - 201. Give z(-5).
-76
Let w(l) = -25*l**2 + 172*l + 16. Determine w(7).
-5
Let r(d) = d**2 - 61*d + 633. Calculate r(48).
9
Let y(w) = -14*w**2 + 960*w - 9852. Determine y(56).
4
Let w(r) = -7*r + 318. Give w(55).
-67
Let f(l) = -l**3 - 19*l**2 - 58*l + 52. Calculate f(-15).
22
Let c(x) = 4*x - 91. Determine c(22).
-3
Let s(f) = 68*f + 340. Calculate s(-10).
-340
Let f(a) = a**2 - 52*a + 721. Calculate f(23).
54
Let v(t) = t**3 + 59*t**2 - 310*t + 634. Give v(-64).
-6
Let o(y) = y**3 - 2*y**2 - 11*y + 47. What is o(4)?
35
Let h(u) = 730*u - 97096. Determine h(133).
-6
Let l(s) = -29*s - 161. Give l(-5).
-16
Let g(o) = -o**2 - 18*o + 12474. Give g(103).
11
Let d(l) = -l**3 - 8*l**2 - 20*l - 400. Give d(-10).
0
Let c(i) = -9*i**2 + 29*i - 8. What is c(9)?
-476
Let x(f) = -53*f + 87. Give x(2).
-19
Let x(g) = 2*g**3 - 56*g**2 + 148*g + 104. Give x(25).
54
Let z(c) = 80*c + 5695. Give z(-71).
15
Let r(k) = -3*k**2 + 833*k - 3816. What is r(273)?
6
Let w(g) = -g**2 - 496*g + 5631. Give w(11).
54
Let y(f) = 3*f - 27. Give y(52).
129
Let b(o) = -36*o**2 - 455*o - 275. What is b(-12)?
1
Let d(g) = -4*g**3 - 355*g**2 + 357*g - 2. Give d(1).
-4
Let o(l) = 305*l + 1816. Calculate o(-6).
-14
Let v(l) = -2*l**3 - 15*l**2 + 79*l + 457. What is v(-9)?
-11
Let h(w) = -14*w + 155. Determine h(8).
43
Let y(z) = z**3 - 28*z**2 - 195*z + 82. What is y(-6)?
28
Let g(n) = -n**2 - 114*n - 134. Determine g(0).
-134
Let j(b) = -b**3 - 50*b**2 + 136*b + 1677. Give j(-52).
13
Let d(f) = f**3 + 16*f**2 + 35*f + 79. Calculate d(-14).
-19
Let x(d) = -d**3 + d**2 + 62*d - 40. What is x(-8)?
40
Let t(d) = -179*d + 43. Determine t(-2).
401
Let c(b) = b**3 + 35*b**2 + 264*b. What is c(-24)?
0
Let q(l) = -7*l**2 + 403*l - 806. Calculate q(2).
-28
Let o(n) = 8*n - 108. Determine o(35).
172
Let z(f) = 11*f**3 - 2*f**2 + 29*f + 62. Give z(-2).
-92
Let h(i) = -i**3 - 9*i**2 - 11*i - 6. Determine h(-3).
-27
Let d(z) = -5*z**2 + 243*z - 214. Give d(47).
162
Let r(m) = 62*m + 5802. Give r(-93).
36
Let x(a) = a**3 - 18*a**2 + 5*a - 275. Calculate x(18).
-185
Let c(f) = 4*f**2 + 419*f + 3096. What is c(-8)?
0
Let n(p) = -6*p**2 - 553*p - 102. Give n(-92).
-10
Let h(k) = 5*k + 88. Determine h(-17).
3
Let f(o) = 2*o**3 - 12*o**2 - 82*o - 10. What is f(-4)?
-2
Let a(d) = d**3 - 21*d**2 - 55*d + 165. Determine a(23).
-42
Let c(a) = -198*a + 2361. Determine c(12).
-15
Let w(c) = -2*c**2 - 4*c + 52. Determine w(-4).
36
Let l(x) = -4*x**3 - 9*x**2 + 47*x - 49. Determine l(5).
-539
Let x(w) = 141*w + 461. What is x(-3)?
38
Let u(l) = -2*l**2 + 58*l - 379. Calculate u(10).
1
Let p(g) = -g**2 + 254*g + 6376. Calculate p(-23).
5
Let f(i) = -i**2 + 32*i - 433. Calculate f(22).
-213
Let n(x) = -5*x**2 + 162*x + 1079. What is n(38)?
15
Let i(k) = -k**2 + 12*k - 61. Calculate i(9).
-34
Let h(d) = -3*d**2 - 2*d + 3. What is h(3)?
-30
Let j(w) = 6*w**2 + 36*w - 187. Give j(6).
245
Let b(z) = z**3 + 6*z**2 - 39*z + 29. What is b(-10)?
19
Let r(c) = 6*c + 237. Calculate r(-23).
99
Let p(u) = -u**3 + 6*u**2 - 17*u + 7. What is p(8)?
-257
Let c(w) = 15*w - 1092. Determine c(74).
18
Let s(v) = 2*v**2 - 120*v - 13322. What is s(117)?
16
Let y(t) = 2*t**2 + 4*t - 1420. Give y(26).
36
Let n(m) = -m**3 - 14*m**2 + 15*m + 20. Determine n(-15).
20
Let o(f) = f**3 + 15*f**2 + 61*f - 3. Calculate o(-8).
-43
Let c(n) = -4*n**3 + 2*n**2 - 4*n + 5. Calculate c(1).
-1
Let b(h) = -63*h + 1560. What is b(25)?
-15
Let u(d) = -2*d**3 - 16*d**2 - 16*d - 72. Determine u(-7).
-58
Let o(q) = -q**2 + 11*q + 3. What is o(-5)?
-77
Let q(c) = -24*c - 758. Give q(-30).
-38
Let k(q) = q**2 - q - 13. What is k(-7)?
43
Let y(g) = -2*g**3 - 32*g**2 - 6*g - 44. Calculate y(-16).
52
Let g(c) = -c**3 - 24*c**2 - 44*c - 2. Calculate g(-22).
-2
Let z(p) = -82*p + 290. What is z(12)?
-694
Let c(s) = -63*s**2 + 11467*s - 187. What is c(182)?
-5
Let z(k) = -2*k**2 - 31*k + 114. Determine z(-18).
24
Let c(q) = -132*q - 648. Calculate c(-5).
12
Let f(z) = -z**2 - 37*z + 316. Calculate f(-45).
-44
Let k(c) = 2*c**2 - 20*c + 78. Give k(10).
78
Let r(k) = -30*k + 1572. What is r(57)?
-138
Let f(b) = b**2 + 78*b + 930. Determine f(-63).
-15
Let x(i) = -10*i**3 - 8*i**2 - 6*i - 5. Calculate x(-2).
55
Let k(g) = 97*g**2 - 198*g + 13. Calculate k(2).
5
Let f(g) = -26*g - 175. Calculate f(-7).
7
Let f(m) = 55*m + 793. What is f(-14)?
23
Let j(s) = -s**3 + 27*s**2 + 4*s - 6. Calculate j(27).
102
Let u(a) = a**3 + 13*a**2 - 31. What is u(-6)?
221
Let n(r) = -8*r - 188. Calculate n(-23).
-4
Let t(w) = 3590*w + 175915. Determine t(-49).
5
Let b(i) = -5539*i - 60935. What is b(-11)?
-6
Let y(d) = d**3 + 16*d**2 - 7*d - 31. Calculate y(-17).
-201
Let m(w) = w**2 - 45*w - 280. Determine m(-5).
-30
Let o(i) = 335*i - 2017. Calculate o(6).
-7
Let t(x) = -x**3 + 6*x**2 + 351*x - 23. Calculate t(-16).
-7
Let z(a) = -2*a**3 - 6*a - 40. Determine z(-4).
112
Let b(t) = t**3 - 9*t**2 + 8*t - 157. Calculate b(10).
23
Let j(i) = i**3 - 24*i**2 + 75*i - 9. Calculate j(20).
-109
Let g(t) = 74*t**3 + 3*t**2 - 2*t - 2. Determine g(1).
73
Let c(j) = -108*j - 2016. Calculate c(-19).
36
Let p(g) = -g**2 + 12*g - 63. Determine p(10).
-43
Let l(a) = 3*a**2 + 26*a + 25. What is l(-10)?
65
Let g(j) = 477*j + 468. Determine g(-1).
-9
Let s(o) = -o**3 - 30*o**2 + 138*o + 16. Give s(-34).
-52
Let n(u) = -u**3 + 64*u**2 - 126*u + 88. Give n(62).
-36
Let p(o) = o**2 + 24*o - 285. Determine p(-33).
12
Let n(q) = 2*q**3 + 55*q**2 - 171*q - 629. Give n(-30).
1
Let t(x) = 25*x**2 - 6*x. What is t(3)?
207
Let s(j) = 2*j**3 - 209*j**2 - 22*j - 8724. What is s(105)?
-9
Let u(k) = k**2 + 852*k - 10369. Determine u(12).
-1
Let o(a) = a**3 + 12*a**2 + 34*a + 614. Calculate o(-13).
3
Let k(o) = -39*o - 2577. Give k(-66).
-3
Let f(k) = 4*k**3 - 219*k**2 - 52*k - 180. What is f(55)?
-15
Let n(v) = -13*v**2 - 220*v - 197. Give n(-16).
-5
Let l(c) = 2*c**3 - 45*c**2 + 65*c - 11. Calculate l(21).
31
Let r(m) = m**3 + 2*m**2 - 50*m - 41. Give r(-12).
-881
Let t(i) = -2*i**3 + i**2 + 10*i - 10. Give t(1).
-1
Let p(v) = -2*v**2 + 298*v + 2851. Give p(-9).
7
Let w(m) = m**2 - 54*m + 401. Determine w(13).
-132
Let i(n) = -65*n - 107. What is i(-3)?
88
Let a(m) = -40*m - 539. Determine a(-1